{"id":26872,"date":"2026-05-15T11:37:19","date_gmt":"2026-05-15T16:37:19","guid":{"rendered":"https:\/\/www.clinicajim.com\/clon\/?page_id=26872"},"modified":"2026-05-15T14:00:11","modified_gmt":"2026-05-15T19:00:11","slug":"nutricion","status":"publish","type":"page","link":"https:\/\/www.clinicajim.com\/clon\/department\/nutricion\/","title":{"rendered":"Nutrici\u00f3n en Penonom\u00e9: Asesor\u00eda Nutricional para un Estilo de Vida Saludable"},"content":{"rendered":"\n<p>Especialistas en Nutrici\u00f3n: Licda. Estefania Santos y Licda. Itzel Jim\u00e9nez<\/p>\n\n\n\n<figure class=\"wp-block-embed is-type-video is-provider-youtube wp-block-embed-youtube wp-embed-aspect-16-9 wp-has-aspect-ratio\"><div class=\"wp-block-embed__wrapper\">\n<iframe title=\"Licenciada Itzel Jimenez y Estafina Santos - Nutrici\u00f3n en Penonom\u00e9 - Cl\u00ednica M\u00e9dico Dental JIM\" width=\"500\" height=\"281\" src=\"https:\/\/www.youtube.com\/embed\/e3zCmBnjYNY?feature=oembed\" frameborder=\"0\" allow=\"accelerometer; autoplay; clipboard-write; encrypted-media; gyroscope; picture-in-picture; web-share\" referrerpolicy=\"strict-origin-when-cross-origin\" allowfullscreen><\/iframe>\n<\/div><\/figure>\n\n\n\n<p>En la actualidad, el alto consumo de comidas r\u00e1pidas y productos ultraprocesados ha provocado un deterioro en la salud de la poblaci\u00f3n. Padecimientos cr\u00f3nicos como la <strong>Diabetes, la Hipertensi\u00f3n Arterial, el S\u00edndrome Metab\u00f3lico y la Insuficiencia Renal<\/strong> est\u00e1n directamente relacionados con los h\u00e1bitos alimenticios actuales.<\/p>\n\n\n\n<p>Para hacer frente a esta realidad, el departamento de <strong>Nutrici\u00f3n en Penonom\u00e9 de la Cl\u00ednica JIM<\/strong> cuenta con el prestigio y la experiencia de las especialistas <strong>Licda. Estefania Santos<\/strong> y <strong>Licda. Itzel Jim\u00e9nez<\/strong>.<\/p>\n\n\n\n<p><strong>\u00bfQu\u00e9 aprender\u00e1s en nuestra consulta nutricional en Cocl\u00e9?<\/strong><br>Nuestras licenciadas te brindar\u00e1n un abordaje personalizado enfocado en:<\/p>\n\n\n\n<ul class=\"wp-block-list\">\n<li><strong>Educaci\u00f3n Alimentaria:<\/strong> Consejos pr\u00e1cticos y planes de alimentaci\u00f3n sostenibles para mejorar tu estilo de vida sin dietas restrictivas.<\/li>\n\n\n\n<li><strong>Nutrici\u00f3n Cl\u00ednica:<\/strong> Manejo y control nutricional de enfermedades metab\u00f3licas, cardiovasculares y renales.<\/li>\n\n\n\n<li><strong>Control de Peso Seguro:<\/strong> Herramientas efectivas para combatir el sobrepeso y la obesidad de manera saludable y duradera.<\/li>\n<\/ul>\n\n\n\n<figure data-spectra-id=\"spectra-mp7527ij-8b707t\" class=\"wp-block-image size-full\"><img fetchpriority=\"high\" decoding=\"async\" width=\"512\" height=\"512\" src=\"http:\/\/www.clinicajim.com\/clon\/wp-content\/uploads\/2026\/05\/8.jpg\" alt=\"8\" class=\"wp-image-26755\" title=\"Nutrici\u00f3n en Penonom\u00e9: Asesor\u00eda Nutricional para un Estilo de Vida Saludable\"><\/figure>\n","protected":false},"excerpt":{"rendered":"<p>Especialistas en Nutrici\u00f3n: Licda. Estefania Santos y Licda. Itzel Jim\u00e9nez En la actualidad, el alto consumo de comidas r\u00e1pidas y productos ultraprocesados ha provocado un deterioro en la salud de la poblaci\u00f3n. Padecimientos cr\u00f3nicos como la Diabetes, la Hipertensi\u00f3n Arterial, el S\u00edndrome Metab\u00f3lico y la Insuficiencia Renal est\u00e1n directamente relacionados con los h\u00e1bitos alimenticios actuales. [&hellip;]<\/p>\n","protected":false},"author":1,"featured_media":0,"parent":26930,"menu_order":0,"comment_status":"closed","ping_status":"closed","template":"","meta":{"_uag_custom_page_level_css":"","site-sidebar-layout":"default","site-content-layout":"","ast-site-content-layout":"default","site-content-style":"default","site-sidebar-style":"default","ast-global-header-display":"","ast-banner-title-visibility":"","ast-main-header-display":"","ast-hfb-above-header-display":"","ast-hfb-below-header-display":"","ast-hfb-mobile-header-display":"","site-post-title":"","ast-breadcrumbs-content":"","ast-featured-img":"","footer-sml-layout":"","ast-disable-related-posts":"","theme-transparent-header-meta":"","adv-header-id-meta":"","stick-header-meta":"","header-above-stick-meta":"","header-main-stick-meta":"","header-below-stick-meta":"","astra-migrate-meta-layouts":"set","ast-page-background-enabled":"default","ast-page-background-meta":{"desktop":{"background-color":"","background-image":"","background-repeat":"repeat","background-position":"center center","background-size":"auto","background-attachment":"scroll","background-type":"","background-media":"","overlay-type":"","overlay-color":"","overlay-opacity":"","overlay-gradient":""},"tablet":{"background-color":"","background-image":"","background-repeat":"repeat","background-position":"center center","background-size":"auto","background-attachment":"scroll","background-type":"","background-media":"","overlay-type":"","overlay-color":"","overlay-opacity":"","overlay-gradient":""},"mobile":{"background-color":"","background-image":"","background-repeat":"repeat","background-position":"center center","background-size":"auto","background-attachment":"scroll","background-type":"","background-media":"","overlay-type":"","overlay-color":"","overlay-opacity":"","overlay-gradient":""}},"ast-content-background-meta":{"desktop":{"background-color":"var(--ast-global-color-5)","background-image":"","background-repeat":"repeat","background-position":"center center","background-size":"auto","background-attachment":"scroll","background-type":"","background-media":"","overlay-type":"","overlay-color":"","overlay-opacity":"","overlay-gradient":""},"tablet":{"background-color":"var(--ast-global-color-5)","background-image":"","background-repeat":"repeat","background-position":"center center","background-size":"auto","background-attachment":"scroll","background-type":"","background-media":"","overlay-type":"","overlay-color":"","overlay-opacity":"","overlay-gradient":""},"mobile":{"background-color":"var(--ast-global-color-5)","background-image":"","background-repeat":"repeat","background-position":"center center","background-size":"auto","background-attachment":"scroll","background-type":"","background-media":"","overlay-type":"","overlay-color":"","overlay-opacity":"","overlay-gradient":""}},"_joinchat":[],"footnotes":""},"class_list":["post-26872","page","type-page","status-publish","hentry"],"yoast_head":"<!-- This site is optimized with the Yoast SEO plugin v27.6 - https:\/\/yoast.com\/product\/yoast-seo-wordpress\/ -->\n<title>Nutrici\u00f3n en Penonom\u00e9: Asesor\u00eda Nutricional para un Estilo de Vida Saludable - Cl\u00ednica JIM<\/title>\n<meta name=\"description\" content=\"Mejora tu estilo de vida y controla padecimientos como diabetes o presi\u00f3n alta. Consulta de nutrici\u00f3n en Penonom\u00e9 con las licenciadas Santos y Jim\u00e9nez en Cl\u00ednica JIM.\" \/>\n<meta name=\"robots\" content=\"index, follow, max-snippet:-1, max-image-preview:large, max-video-preview:-1\" \/>\n<link rel=\"canonical\" href=\"https:\/\/www.clinicajim.com\/clon\/department\/nutricion\/\" \/>\n<meta property=\"og:locale\" content=\"es_MX\" \/>\n<meta property=\"og:type\" content=\"article\" \/>\n<meta property=\"og:title\" content=\"Nutrici\u00f3n en Penonom\u00e9: Asesor\u00eda Nutricional para un Estilo de Vida Saludable - Cl\u00ednica JIM\" \/>\n<meta property=\"og:description\" content=\"Mejora tu estilo de vida y controla padecimientos como diabetes o presi\u00f3n alta. Consulta de nutrici\u00f3n en Penonom\u00e9 con las licenciadas Santos y Jim\u00e9nez en Cl\u00ednica JIM.\" \/>\n<meta property=\"og:url\" content=\"https:\/\/www.clinicajim.com\/clon\/department\/nutricion\/\" \/>\n<meta property=\"og:site_name\" content=\"Cl\u00ednica JIM\" \/>\n<meta property=\"article:publisher\" content=\"https:\/\/www.facebook.com\/Cl%c3%adnica-JIM-120998021958871\" \/>\n<meta property=\"article:modified_time\" content=\"2026-05-15T19:00:11+00:00\" \/>\n<meta property=\"og:image\" content=\"https:\/\/www.clinicajim.com\/clon\/wp-content\/uploads\/2026\/05\/8.jpg\" \/>\n\t<meta property=\"og:image:width\" content=\"512\" \/>\n\t<meta property=\"og:image:height\" content=\"512\" \/>\n\t<meta property=\"og:image:type\" content=\"image\/jpeg\" \/>\n<meta name=\"twitter:card\" content=\"summary_large_image\" \/>\n<meta name=\"twitter:label1\" content=\"Tiempo de lectura\" \/>\n\t<meta name=\"twitter:data1\" content=\"1 minuto\" \/>\n<script type=\"application\/ld+json\" class=\"yoast-schema-graph\">{\"@context\":\"https:\\\/\\\/schema.org\",\"@graph\":[{\"@type\":\"WebPage\",\"@id\":\"https:\\\/\\\/www.clinicajim.com\\\/clon\\\/department\\\/nutricion\\\/\",\"url\":\"https:\\\/\\\/www.clinicajim.com\\\/clon\\\/department\\\/nutricion\\\/\",\"name\":\"Nutrici\u00f3n en Penonom\u00e9: Asesor\u00eda Nutricional para un Estilo de Vida Saludable - Cl\u00ednica JIM\",\"isPartOf\":{\"@id\":\"http:\\\/\\\/www.clinicajim.com\\\/clon\\\/#website\"},\"primaryImageOfPage\":{\"@id\":\"https:\\\/\\\/www.clinicajim.com\\\/clon\\\/department\\\/nutricion\\\/#primaryimage\"},\"image\":{\"@id\":\"https:\\\/\\\/www.clinicajim.com\\\/clon\\\/department\\\/nutricion\\\/#primaryimage\"},\"thumbnailUrl\":\"http:\\\/\\\/www.clinicajim.com\\\/clon\\\/wp-content\\\/uploads\\\/2026\\\/05\\\/8.jpg\",\"datePublished\":\"2026-05-15T16:37:19+00:00\",\"dateModified\":\"2026-05-15T19:00:11+00:00\",\"description\":\"Mejora tu estilo de vida y controla padecimientos como diabetes o presi\u00f3n alta. Consulta de nutrici\u00f3n en Penonom\u00e9 con las licenciadas Santos y Jim\u00e9nez en Cl\u00ednica JIM.\",\"breadcrumb\":{\"@id\":\"https:\\\/\\\/www.clinicajim.com\\\/clon\\\/department\\\/nutricion\\\/#breadcrumb\"},\"inLanguage\":\"es\",\"potentialAction\":[{\"@type\":\"ReadAction\",\"target\":[\"https:\\\/\\\/www.clinicajim.com\\\/clon\\\/department\\\/nutricion\\\/\"]}]},{\"@type\":\"ImageObject\",\"inLanguage\":\"es\",\"@id\":\"https:\\\/\\\/www.clinicajim.com\\\/clon\\\/department\\\/nutricion\\\/#primaryimage\",\"url\":\"https:\\\/\\\/www.clinicajim.com\\\/clon\\\/wp-content\\\/uploads\\\/2026\\\/05\\\/8.jpg\",\"contentUrl\":\"https:\\\/\\\/www.clinicajim.com\\\/clon\\\/wp-content\\\/uploads\\\/2026\\\/05\\\/8.jpg\",\"width\":512,\"height\":512,\"caption\":\"8\"},{\"@type\":\"BreadcrumbList\",\"@id\":\"https:\\\/\\\/www.clinicajim.com\\\/clon\\\/department\\\/nutricion\\\/#breadcrumb\",\"itemListElement\":[{\"@type\":\"ListItem\",\"position\":1,\"name\":\"Portada\",\"item\":\"https:\\\/\\\/www.clinicajim.com\\\/clon\\\/\"},{\"@type\":\"ListItem\",\"position\":2,\"name\":\"Department\",\"item\":\"https:\\\/\\\/www.clinicajim.com\\\/clon\\\/department\\\/\"},{\"@type\":\"ListItem\",\"position\":3,\"name\":\"Nutrici\u00f3n en Penonom\u00e9: Asesor\u00eda Nutricional para un Estilo de Vida Saludable\"}]},{\"@type\":\"WebSite\",\"@id\":\"http:\\\/\\\/www.clinicajim.com\\\/clon\\\/#website\",\"url\":\"http:\\\/\\\/www.clinicajim.com\\\/clon\\\/\",\"name\":\"Cl\u00ednica JIM\",\"description\":\"Cl\u00ednica Medico Dental en Penonom\u00e9\",\"publisher\":{\"@id\":\"http:\\\/\\\/www.clinicajim.com\\\/clon\\\/#organization\"},\"potentialAction\":[{\"@type\":\"SearchAction\",\"target\":{\"@type\":\"EntryPoint\",\"urlTemplate\":\"http:\\\/\\\/www.clinicajim.com\\\/clon\\\/?s={search_term_string}\"},\"query-input\":{\"@type\":\"PropertyValueSpecification\",\"valueRequired\":true,\"valueName\":\"search_term_string\"}}],\"inLanguage\":\"es\"},{\"@type\":\"Organization\",\"@id\":\"http:\\\/\\\/www.clinicajim.com\\\/clon\\\/#organization\",\"name\":\"CLINICA JIM\",\"url\":\"http:\\\/\\\/www.clinicajim.com\\\/clon\\\/\",\"logo\":{\"@type\":\"ImageObject\",\"inLanguage\":\"es\",\"@id\":\"http:\\\/\\\/www.clinicajim.com\\\/clon\\\/#\\\/schema\\\/logo\\\/image\\\/\",\"url\":\"http:\\\/\\\/www.clinicajim.com\\\/clon\\\/wp-content\\\/uploads\\\/2019\\\/02\\\/logo-clinica-jim-penonome-doctor.jpg\",\"contentUrl\":\"http:\\\/\\\/www.clinicajim.com\\\/clon\\\/wp-content\\\/uploads\\\/2019\\\/02\\\/logo-clinica-jim-penonome-doctor.jpg\",\"width\":150,\"height\":67,\"caption\":\"CLINICA JIM\"},\"image\":{\"@id\":\"http:\\\/\\\/www.clinicajim.com\\\/clon\\\/#\\\/schema\\\/logo\\\/image\\\/\"},\"sameAs\":[\"https:\\\/\\\/www.facebook.com\\\/Cl\u00ednica-JIM-120998021958871\",\"https:\\\/\\\/www.instagram.com\\\/clinica_jim\"]}]}<\/script>\n<!-- \/ Yoast SEO plugin. -->","yoast_head_json":{"title":"Nutrici\u00f3n en Penonom\u00e9: Asesor\u00eda Nutricional para un Estilo de Vida Saludable - Cl\u00ednica JIM","description":"Mejora tu estilo de vida y controla padecimientos como diabetes o presi\u00f3n alta. Consulta de nutrici\u00f3n en Penonom\u00e9 con las licenciadas Santos y Jim\u00e9nez en Cl\u00ednica JIM.","robots":{"index":"index","follow":"follow","max-snippet":"max-snippet:-1","max-image-preview":"max-image-preview:large","max-video-preview":"max-video-preview:-1"},"canonical":"https:\/\/www.clinicajim.com\/clon\/department\/nutricion\/","og_locale":"es_MX","og_type":"article","og_title":"Nutrici\u00f3n en Penonom\u00e9: Asesor\u00eda Nutricional para un Estilo de Vida Saludable - Cl\u00ednica JIM","og_description":"Mejora tu estilo de vida y controla padecimientos como diabetes o presi\u00f3n alta. Consulta de nutrici\u00f3n en Penonom\u00e9 con las licenciadas Santos y Jim\u00e9nez en Cl\u00ednica JIM.","og_url":"https:\/\/www.clinicajim.com\/clon\/department\/nutricion\/","og_site_name":"Cl\u00ednica JIM","article_publisher":"https:\/\/www.facebook.com\/Cl%c3%adnica-JIM-120998021958871","article_modified_time":"2026-05-15T19:00:11+00:00","og_image":[{"width":512,"height":512,"url":"https:\/\/www.clinicajim.com\/clon\/wp-content\/uploads\/2026\/05\/8.jpg","type":"image\/jpeg"}],"twitter_card":"summary_large_image","twitter_misc":{"Tiempo de lectura":"1 minuto"},"schema":{"@context":"https:\/\/schema.org","@graph":[{"@type":"WebPage","@id":"https:\/\/www.clinicajim.com\/clon\/department\/nutricion\/","url":"https:\/\/www.clinicajim.com\/clon\/department\/nutricion\/","name":"Nutrici\u00f3n en Penonom\u00e9: Asesor\u00eda Nutricional para un Estilo de Vida Saludable - Cl\u00ednica JIM","isPartOf":{"@id":"http:\/\/www.clinicajim.com\/clon\/#website"},"primaryImageOfPage":{"@id":"https:\/\/www.clinicajim.com\/clon\/department\/nutricion\/#primaryimage"},"image":{"@id":"https:\/\/www.clinicajim.com\/clon\/department\/nutricion\/#primaryimage"},"thumbnailUrl":"http:\/\/www.clinicajim.com\/clon\/wp-content\/uploads\/2026\/05\/8.jpg","datePublished":"2026-05-15T16:37:19+00:00","dateModified":"2026-05-15T19:00:11+00:00","description":"Mejora tu estilo de vida y controla padecimientos como diabetes o presi\u00f3n alta. Consulta de nutrici\u00f3n en Penonom\u00e9 con las licenciadas Santos y Jim\u00e9nez en Cl\u00ednica JIM.","breadcrumb":{"@id":"https:\/\/www.clinicajim.com\/clon\/department\/nutricion\/#breadcrumb"},"inLanguage":"es","potentialAction":[{"@type":"ReadAction","target":["https:\/\/www.clinicajim.com\/clon\/department\/nutricion\/"]}]},{"@type":"ImageObject","inLanguage":"es","@id":"https:\/\/www.clinicajim.com\/clon\/department\/nutricion\/#primaryimage","url":"https:\/\/www.clinicajim.com\/clon\/wp-content\/uploads\/2026\/05\/8.jpg","contentUrl":"https:\/\/www.clinicajim.com\/clon\/wp-content\/uploads\/2026\/05\/8.jpg","width":512,"height":512,"caption":"8"},{"@type":"BreadcrumbList","@id":"https:\/\/www.clinicajim.com\/clon\/department\/nutricion\/#breadcrumb","itemListElement":[{"@type":"ListItem","position":1,"name":"Portada","item":"https:\/\/www.clinicajim.com\/clon\/"},{"@type":"ListItem","position":2,"name":"Department","item":"https:\/\/www.clinicajim.com\/clon\/department\/"},{"@type":"ListItem","position":3,"name":"Nutrici\u00f3n en Penonom\u00e9: Asesor\u00eda Nutricional para un Estilo de Vida Saludable"}]},{"@type":"WebSite","@id":"http:\/\/www.clinicajim.com\/clon\/#website","url":"http:\/\/www.clinicajim.com\/clon\/","name":"Cl\u00ednica JIM","description":"Cl\u00ednica Medico Dental en Penonom\u00e9","publisher":{"@id":"http:\/\/www.clinicajim.com\/clon\/#organization"},"potentialAction":[{"@type":"SearchAction","target":{"@type":"EntryPoint","urlTemplate":"http:\/\/www.clinicajim.com\/clon\/?s={search_term_string}"},"query-input":{"@type":"PropertyValueSpecification","valueRequired":true,"valueName":"search_term_string"}}],"inLanguage":"es"},{"@type":"Organization","@id":"http:\/\/www.clinicajim.com\/clon\/#organization","name":"CLINICA JIM","url":"http:\/\/www.clinicajim.com\/clon\/","logo":{"@type":"ImageObject","inLanguage":"es","@id":"http:\/\/www.clinicajim.com\/clon\/#\/schema\/logo\/image\/","url":"http:\/\/www.clinicajim.com\/clon\/wp-content\/uploads\/2019\/02\/logo-clinica-jim-penonome-doctor.jpg","contentUrl":"http:\/\/www.clinicajim.com\/clon\/wp-content\/uploads\/2019\/02\/logo-clinica-jim-penonome-doctor.jpg","width":150,"height":67,"caption":"CLINICA JIM"},"image":{"@id":"http:\/\/www.clinicajim.com\/clon\/#\/schema\/logo\/image\/"},"sameAs":["https:\/\/www.facebook.com\/Cl\u00ednica-JIM-120998021958871","https:\/\/www.instagram.com\/clinica_jim"]}]}},"uagb_featured_image_src":{"full":false,"thumbnail":false,"medium":false,"medium_large":false,"large":false,"1536x1536":false,"2048x2048":false},"uagb_author_info":{"display_name":"Manuel Zurita","author_link":"https:\/\/www.clinicajim.com\/clon\/author\/manuel\/"},"uagb_comment_info":0,"uagb_excerpt":"Especialistas en Nutrici\u00f3n: Licda. Estefania Santos y Licda. Itzel Jim\u00e9nez En la actualidad, el alto consumo de comidas r\u00e1pidas y productos ultraprocesados ha provocado un deterioro en la salud de la poblaci\u00f3n. Padecimientos cr\u00f3nicos como la Diabetes, la Hipertensi\u00f3n Arterial, el S\u00edndrome Metab\u00f3lico y la Insuficiencia Renal est\u00e1n directamente relacionados con los h\u00e1bitos alimenticios actuales.&hellip;","_links":{"self":[{"href":"https:\/\/www.clinicajim.com\/clon\/wp-json\/wp\/v2\/pages\/26872","targetHints":{"allow":["GET"]}}],"collection":[{"href":"https:\/\/www.clinicajim.com\/clon\/wp-json\/wp\/v2\/pages"}],"about":[{"href":"https:\/\/www.clinicajim.com\/clon\/wp-json\/wp\/v2\/types\/page"}],"author":[{"embeddable":true,"href":"https:\/\/www.clinicajim.com\/clon\/wp-json\/wp\/v2\/users\/1"}],"replies":[{"embeddable":true,"href":"https:\/\/www.clinicajim.com\/clon\/wp-json\/wp\/v2\/comments?post=26872"}],"version-history":[{"count":1,"href":"https:\/\/www.clinicajim.com\/clon\/wp-json\/wp\/v2\/pages\/26872\/revisions"}],"predecessor-version":[{"id":26873,"href":"https:\/\/www.clinicajim.com\/clon\/wp-json\/wp\/v2\/pages\/26872\/revisions\/26873"}],"up":[{"embeddable":true,"href":"https:\/\/www.clinicajim.com\/clon\/wp-json\/wp\/v2\/pages\/26930"}],"wp:attachment":[{"href":"https:\/\/www.clinicajim.com\/clon\/wp-json\/wp\/v2\/media?parent=26872"}],"curies":[{"name":"wp","href":"https:\/\/api.w.org\/{rel}","templated":true}]}}